. Is g composite?
True
Let x(p) = 22*p**2 + 88*p + 53. Is x(-26) composite?
False
Let x be (-7)/1 - (4 + -4). Let h(u) = u**2 + 5*u - 10. Let m be h(x). Suppose n = 9 + m. Is n a prime number?
True
Suppose 0 = 2*h + 5*f - 23, 0 = 4*h - 0*h - 3*f + 19. Suppose d + a + 2*a - 17 = 0, -9 = 3*d - 3*a. Is 38*2 + d + h a prime number?
False
Is 210295/3 - (-140)/(-105) a prime number?
False
Let y(t) = 26*t**2 + 3*t + 25. Is y(-6) prime?
False
Let h(p) = -6*p**2 - 6*p + 5. Let v be h(-7). Let s = -34 - v. Is s prime?
False
Suppose 0 = -6*t + 3*t - g + 19, -t + 21 = 4*g. Suppose -2*j + 2*r + 11552 = 0, -5*r = -10 - t. Is j a prime number?
True
Suppose d - 150 = j, 5*j - 6*d = -2*d - 750. Let t = -61 - j. Is t a prime number?
True
Let a(r) = -4*r + 4. Let q be a(4). Let f(l) = 3*l**2 + 17*l + 29. Is f(q) a prime number?
True
Suppose -k + 14 = -2*l, -3*k - 5*l + 30 = k. Is k/(-35) + (-15549)/(-7) prime?
True
Suppose 6*d - 4*x = d + 1564, 1250 = 4*d - 2*x. Suppose -4*v = -3*y + 490, -d = y - 3*y - v. Let j = y + -91. Is j prime?
True
Let l(v) = -83*v + 7. Let k be l(-8). Let g(c) = -2*c - 3. Let p be g(-3). Suppose 0 = 5*n + p*u - 2*u - 1103, 0 = 3*n - 4*u - k. Is n a composite number?
True
Suppose -y + 2*y + 17 = 4*u, -3*y + 4*u - 91 = 0. Let c = y + 56. Is c a composite number?
False
Let n(k) = k + 4535. Let c be n(0). Suppose -3*a - c - 983 = -2*s, 2*a = 2*s - 5518. Is s a composite number?
True
Suppose 0 = 9*p - 67520 + 17048. Let r = p + -2999. Is r prime?
True
Suppose -10*s + 179367 = 7*s. Is s a prime number?
False
Suppose -6*g = -g. Suppose 2*y + 10376 = 10*y. Suppose -7*i + 481 + y = g. Is i composite?
True
Suppose -b + 6 = 2*b. Suppose 2*h - 412 = -2*i, -5*i + 3*h - b*h + 1012 = 0. Suppose -p = -4*k + 9 + 268, -i = -3*k - 4*p. Is k a composite number?
True
Suppose -4*n = 2*o + 688, 0*o + 8 = -4*o. Let r be 2*-57 + -1 + -3. Let g = r - n. Is g composite?
False
Let a(t) = -t**3 - 19*t**2 - 17*t + 64. Let n be a(-20). Let o = -34 + 245. Suppose 4*d + o = f + 46, d - n = -5*f. Is f prime?
False
Suppose -15 + 0 = -2*l - 3*u, u = 5*l - 12. Suppose -l*z + 1390 = -2171. Is z composite?
False
Suppose -3047 = -2*h + 22547. Is h composite?
True
Let h(w) = 4*w - 4. Let b be h(2). Suppose -2*d + x = -173, b*d - d + 2*x = 256. Is d a composite number?
True
Suppose 6*u - 7 = 5*u. Is 1/u - (-740)/14 a prime number?
True
Let k(a) = a**3 + 29*a**2 - 14*a + 10. Is k(-18) a prime number?
False
Let o(u) = -2*u**2 + 6*u - u**3 + u**2 + 12*u**2 + 7 + 2. Let d(h) = 3*h**3 - 9*h**2 + 3*h + 1. Let v be d(3). Is o(v) a prime number?
False
Let g = 1787 + -154. Is g composite?
True
Suppose -44 = f + 2*p, -2*p + 133 = -2*f + 3*p. Let m = 870 - 581. Let t = f + m. Is t composite?
True
Let d = -15 - -17. Is ((-2877)/12 - d)/(6/(-24)) composite?
False
Suppose -5 = -4*q + 3*q - s, 2*q - 30 = 3*s. Suppose -1183 - 3722 = -q*m. Is m composite?
True
Is 5158/(-8)*348/(-87) a composite number?
False
Let z = 15 + -12. Suppose -2*t + 290 = -m, -z*m - 456 = -4*t + 404. Let g = -183 - m. Is g composite?
False
Let f(t) = 2*t + 13. Let h be f(-3). Suppose -4*v = -h*v + 3417. Is v prime?
False
Suppose -5*o + 35 = 4*x - x, x - 3*o + 7 = 0. Suppose 1 = x*a + 31. Is (-1833)/(-6) + a/(-4) composite?
False
Let g be (10/(-16))/(5/(-40)). Suppose 0 = -g*q - 2*n + 5189, 4*q - 4*n = -2*n + 4144. Is q composite?
True
Suppose -5*g = -10 - 0. Suppose 3*n + g*n - 8785 = 0. Is n a prime number?
False
Let l be (-2)/8 + 462/88. Suppose -4*s - 6991 = -l*y, 0 = -7*s + 4*s + 3. Is y a composite number?
False
Is (-4)/((-192)/(-73912))*-6 a composite number?
False
Let g(s) = 3*s**2 - 69*s - 277. Is g(-28) a prime number?
True
Suppose 5*m = 4*m + 322. Let j = m + -191. Is j prime?
True
Let s = 5974 + -773. Is s a composite number?
True
Is ((-474992)/(-24))/(1 + (-3)/9) composite?
True
Let d be 2/(-3) - 40/12. Is (-10269)/(-81) + d/(-18) prime?
True
Let f be (-5662)/10 + 2/10. Let x = 875 + f. Is x prime?
False
Let x = -5335 - -7532. Suppose 6*d - 65 = x. Is d a composite number?
True
Suppose -709 = -k + 3*b, 5*k - 2*b - 3083 = 475. Suppose 3*i = k + 302. Suppose 2*u = -80 + i. Is u prime?
False
Suppose -t + 33 - 12 = 0. Let d = 88 - t. Is d a prime number?
True
Suppose -6*n - 1 = 17. Is -3*(274/n + 4) a prime number?
False
Let o be 4/(-14) + 12291/119. Let g = o - -40. Suppose f - 2*h - g = -h, 3*f - 429 = 2*h. Is f composite?
True
Suppose 3*w = 4*x - 282, 3*x + 4*w = -x + 268. Is x/(-2)*(-22)/3 a composite number?
True
Let h = -223 + 1232. Is h composite?
False
Let v(c) = -22*c**3 + 6*c**2 + 3*c + 42. Suppose 27 = -5*k + 2. Is v(k) a prime number?
True
Let j be (-4)/(-10)*(-35)/(-7). Let a be 2/(j/(-53)) + -3. Let q = a + 355. Is q prime?
False
Let s be 284*((-18)/(-8) + (-12)/12). Is s - (0 + 1 - (2 - 3)) a composite number?
False
Suppose 62 + 194 = -3*j - 5*y, 3*j + 262 = y. Let a = j - -586. Is a a composite number?
False
Let j(o) = -o**2 + o - 377. Let x(l) = 3*l**2 - 2*l + 754. Let v(m) = 5*j(m) + 2*x(m). Let b be v(0). Let i = 600 + b. Is i a composite number?
False
Suppose 27*b = 49*b - 259094. Is b composite?
False
Let r(s) = s**2 - 6*s + 2. Suppose -6*f - 22 = -4*f. Let h be r(f). Suppose -2*m + 171 + 179 = 4*a, -m + h = -5*a. Is m a prime number?
True
Suppose 0 = -3*l + 2*b + 17147, l - 4*b + 0*b = 5729. Is l prime?
False
Let o = -1606 - -819. Let w = o + 1206. Is w prime?
True
Let o = 3072 - -5914. Is o prime?
False
Let u(q) = -q + 7. Let s be u(-5). Suppose -4*y + s = -y. Suppose -y*w - 2*i + 148 = -124, -w + 67 = i. Is w a composite number?
True
Let v = 4653 + -2122. Is v a composite number?
False
Suppose 0 = 5*x - 5*q - 11 + 1, 0 = -5*x + 4*q + 9. Suppose -13 = m + x. Is 8/m - 21008/(-112) composite?
True
Let o = 25732 + -12023. Is o composite?
False
Is 0 + 78278/14 - (-4)/(-14) a prime number?
True
Let a = 14 + -2. Let q be 2960/12*a/10. Suppose 5*u = q + 659. Is u a prime number?
True
Suppose 4*r + 151 = -309. Let i = r + 378. Is i a composite number?
False
Suppose -4*n - 2*p - 1050 = -8*n, p = -4*n + 1053. Is n prime?
True
Let o(h) be the second derivative of -h**4/12 - 2*h**3 - 9*h**2/2 + 16*h. Is o(-8) composite?
False
Let y be ((-30)/(-4))/(4/(-1992)). Let i = -2572 - y. Is i composite?
False
Let x = -16426 + 29807. Is x a prime number?
True
Let c be ((-889)/(-2))/7*(108 + -2). Suppose 0 = 4*x + 3*j + j - 5372, -3*j - c = -5*x. Is x prime?
False
Let g(l) = 5*l**3 - 8*l**2 - 2*l - 12. Let s be g(6). Let y = 1525 - s. Suppose 2*m = m + y. Is m prime?
True
Is ((-400)/(-32) + -12)/(2/143044) composite?
True
Suppose 4*j = -d + 11973, 3*d - 9188 = -5*j + 5787. Suppose -24111 + j = -7*x. Is x a prime number?
False
Suppose 0 = 5*b + v + 6125, 0 = 3*b - v + 2*v + 3675. Let r = b - -3072. Is r a composite number?
False
Let s = -40876 + 62229. Is s a composite number?
True
Let v be (-38)/684 + 145/18. Let a(x) = -22*x - 45. Let j(l) = -15*l - 30. Let w(b) = -5*a(b) + 7*j(b). Is w(v) prime?
False
Let d(w) = w**3 + 21*w**2 + 20*w - 1. Let g be d(-14). Let h = -672 + g. Is h a composite number?
False
Let i = 19 + -14. Suppose -2*n + 6*n = i*l + 1768, 4*l + 16 = 0. Is n a prime number?
False
Let x = 7772 - 4883. Suppose -8797 = -4*g - x. Is g a composite number?
True
Let c(r) = -r**3 - 8*r**2 - 8*r - 17. Let f be c(-8). Suppose 4*p - 9 = f. Is p prime?
False
Let j = -6 + 11. Suppose 3*m - 9 = 4*i + 4, 25 = -j*m. Is 2/(i/((-917)/2)) composite?
False
Suppose 10*d = -55243 + 327233. Is d a prime number?
False
Is (47 - -18902)*(-3)/(-3) a prime number?
False
Suppose 6 + 6 = 3*g. Let c be (-25)/(-10) + -3 + 10/4. Suppose -3*h + c*l = -139, 2*h - 65 = h - g*l. Is h prime?
False
Let h(k) = 155*k**2. Let y be h(1). Let o = -9 - -17. Suppose o*g - 3*g = y. Is g a prime number?
True
Let x = 279 + 1183. Suppose -2*q + 736 + x = 0. Is q a prime number?
False
Is 99/(-44) - 9/12 - -23470 a prime number?
False
Let l(d) = 188*d**3 + 15*d**2 - 4*d - 11. Is l(6) a prime number?
True
Let k(y) = y**3 + 7*y**2 - 8*y + 9. Let i be k(-8). Let z(g) = -g**2 + 8*g + 12. Let n be z(i). Suppose 0 = -8*f + n*f + 1115. Is f a prime number?
True
Let s(d) = -4*d**3 + 8*d**2 + 6*d - 21. Is s(-8) composite?
True
Suppose 2*m + 195 = 1135. Suppose -2*u + 116 = -2*t + m, -4*u + 177 = t. Is t prime?
False
Suppose -3*v + k = -7*v + 15, -3*k 